rs of o?
3
Suppose -5*l - 17 = g, 3*g - g - 2*l - 14 = 0. Suppose 81 = -0*f + g*f. List the prime factors of f.
3
Let q = -10 + 14. List the prime factors of 17 + 4*(-2)/q.
3, 5
Let l(k) = 10*k. Suppose 5*y - 6 = -1. What are the prime factors of l(y)?
2, 5
Let a be ((-18)/(-10))/(2/10). List the prime factors of a - 6*4/(-6).
13
Let y = -37 - -149. List the prime factors of y.
2, 7
Let f = -11 + 14. Suppose -o = -f - 4. List the prime factors of o.
7
Suppose -z + 4*v - 8 = 0, -v - 13 = -5*z + 4. Let q = z - -10. Let b = q + -3. List the prime factors of b.
11
Let j(w) = -4*w. Let z be j(-2). Let o be 222/(-42) - 2/(-7). Let t = z + o. List the prime factors of t.
3
Let i(m) = m**2 + 9*m - 2. Let f be i(-9). Let c(d) = -d - 1. Let j be c(2). List the prime factors of (6 + f)*j/(-2).
2, 3
Suppose 3*h + 21 - 180 = 0. What are the prime factors of h?
53
Let b = -3 - -8. Suppose -2*x + 66 = -0*x. Suppose b*p - 17 = x. List the prime factors of p.
2, 5
Suppose 0 = -2*k + k. Suppose 5*n + 0*n - 75 = k. Let p = -6 + n. List the prime factors of p.
3
Suppose 30 = o - 41. Suppose 3*w - 3*d = 39, -2*d + o = 5*w - 5*d. List the prime factors of w.
2
Suppose 3*k - 8*k - 6 = 4*n, 4*n = 5*k - 26. List the prime factors of 10/n*24/(-6).
2, 5
Suppose v - 838 = -3*v + 5*h, 0 = -3*v + 5*h + 626. List the prime factors of v.
2, 53
Let c(t) = 2*t + 7. Let m be c(5). Let y = m + -25. Let i(z) = -z - 1. List the prime factors of i(y).
7
Suppose 5*j = -4*n + 21, 1 = 4*n - 2*j - 13. Suppose d + 147 = n*d. Suppose d = 3*g + 4*f, f - 14 - 1 = -g. What are the prime factors of g?
11
Let i = 48 + -1. What are the prime factors of i?
47
Let z = 166 - 83. List the prime factors of z.
83
Let m be (0/(-2))/(1 - 3). Suppose m*c = c - 12. What are the prime factors of c?
2, 3
Let d = -73 + 47. Suppose -4*b - 44 = -4*l, 6*b - b = 3*l - 65. Let r = b - d. List the prime factors of r.
2, 5
Suppose 4*a = 3*a + 4. Let d = -3 + a. Suppose 2 + d = i. List the prime factors of i.
3
Suppose 5*c - 166 = 4*l, 0 = 3*l + 11 + 1. What are the prime factors of c?
2, 3, 5
List the prime factors of 132/18*9/2.
3, 11
Suppose -5*y - 4*i - 247 = 0, -3*y = -5*i + 2*i + 159. Let m = -30 - y. List the prime factors of m.
3, 7
Let i(r) = -4*r - 7. Let q be 134/(-10) + (-22)/(-55). List the prime factors of i(q).
3, 5
Let d be 0 + -5 + 2 + 5. Suppose g = 5*g + d*c - 54, 0 = 5*g - c - 85. List the prime factors of g.
2
Let k be 81/12 - (-6)/(-8). What are the prime factors of 21/k - (-6)/4?
5
Let l = -22 - -96. What are the prime factors of l?
2, 37
Suppose -3*u + 612 = 6*u. List the prime factors of u.
2, 17
Let y(s) = s**2 - 5*s - 6. What are the prime factors of y(7)?
2
Let w = 57 + 61. List the prime factors of w.
2, 59
Let v(c) = 3*c**3 - 8*c**2 + 14*c + 12. List the prime factors of v(5).
257
Let u(s) = 5*s - 9. Let j(p) = -14*p + 26. Let d(c) = -6*j(c) - 17*u(c). What are the prime factors of d(-5)?
2
Let t be (-2)/(-1*(-2)/(-4)). Let y(b) = 6*b**2 + 3 - b - 4*b**2 + b - t*b + b**3. List the prime factors of y(2).
11
Let x(a) be the first derivative of 2*a - 7*a**2 + 2*a**2 - 3*a - 3. What are the prime factors of x(-2)?
19
Let u(v) be the first derivative of -v**3/3 + 3*v**2/2 + 2*v - 1. Let x be u(3). Suppose -x*o + 2 + 2 = 0. What are the prime factors of o?
2
Let g(x) = -11*x**2 + 2*x + 5. Let c(r) = 21*r**2 - 3*r - 9. Let b(j) = 3*c(j) + 5*g(j). List the prime factors of b(-2).
2, 7
Let o(i) = -i - 2. Let h be o(6). Let g(q) = -9*q**2 - 11*q - 7. Let r(a) = -4*a**2 - 6*a - 3. Let n(l) = -3*g(l) + 7*r(l). What are the prime factors of n(h)?
2
Suppose -9*c + 5*c = -224. List the prime factors of c.
2, 7
Suppose -u + 45 + 93 = 0. What are the prime factors of u?
2, 3, 23
Suppose 2*t + 20 = 4*q - 174, 5*q - 3*t = 242. What are the prime factors of q?
7
Let p = -89 + 125. What are the prime factors of p?
2, 3
List the prime factors of 344/10 - 10/25.
2, 17
Let b = -1 + 6. Suppose 0*k - 15 = 5*k - b*l, 5*k - 5 = l. List the prime factors of 105/9 + k/6.
2, 3
Let c be (-1 - 2)*-1 - -7. Let p = c + 0. List the prime factors of p.
2, 5
Suppose -676 = -5*r - 226. Suppose 4*q - 30 = r. Suppose 6 - q = -2*t. What are the prime factors of t?
2, 3
Let x(a) = a. Let r be x(0). Suppose 2*p + 3*p - 55 = r. What are the prime factors of p?
11
Let j(f) = 8*f + 3. Let g be j(-2). Let m = 27 + g. What are the prime factors of m?
2, 7
Let i = 312 + -216. What are the prime factors of i?
2, 3
Let p(t) = t**3 - 4*t**2 - 9*t + 1. Suppose -4*b - 5*w + 34 = -0*w, -5*w - 14 = -4*b. List the prime factors of p(b).
19
Suppose 2*c - 188 = -5*f, 0*c - 5*c + 5*f + 400 = 0. What are the prime factors of c?
2, 3, 7
Let c = -21 + 39. Let k be ((c + 0)/1)/2. Suppose -4*j - k = -45. What are the prime factors of j?
3
Let o(r) = r. Let s(u) = -u**2 - u + 3. Let p be s(0). List the prime factors of o(p).
3
Let k(r) = r**2 - 4*r + 1. Let c be k(4). Suppose p = c + 4. Suppose -p*d + 42 = 2. What are the prime factors of d?
2
Let p = 6 - 4. Suppose -25 = p*m - 7*m. List the prime factors of 39/m - (-1)/5.
2
Suppose -v + 2*z = 3*z - 13, 4*z + 68 = 4*v. What are the prime factors of v?
3, 5
Suppose 5*t - b + 26 = 0, 2*t - b + 0*b + 11 = 0. Let s = t - -11. List the prime factors of s.
2, 3
Suppose -4*y = -7*y + 30. Suppose y*g - 5*g = 195. List the prime factors of g.
3, 13
Let g(p) = p**3 + 9*p**2 + 9*p - 9. Suppose -3*j - 21 = 3*l, 5*l = -0*l. List the prime factors of g(j).
2, 13
Suppose -4*y = -7*y + 489. List the prime factors of y.
163
Let m(s) = 32*s - 7. List the prime factors of m(5).
3, 17
Let o = -31 - -51. What are the prime factors of o?
2, 5
Let d = -23 + 53. Suppose 5*p - 15 = d. List the prime factors of p.
3
Let y(k) = 2*k**2 - 2*k + 5. Let r be y(4). Let p = r + -1. List the prime factors of p.
2, 7
Suppose 16 = -3*h + 5*l, -3*h - 6 = -3*l - 0*l. What are the prime factors of h?
3
Suppose 2*r + 84 = 3*n, -4*r = -6*r - 6. What are the prime factors of n?
2, 13
Suppose -4*z = -3*d - 658, -4*z - 2*d = 2*d - 672. List the prime factors of z.
2, 83
Let a(o) be the third derivative of o**5/6 - o**4/24 + o**3/6 - 9*o**2. Suppose -5*n + 5 = -0. What are the prime factors of a(n)?
2, 5
Let t(q) = q**2 - q + 14. Let j be 3 + (-1)/1 - 2. Let u be t(j). Suppose -2*h + 6 = -u. What are the prime factors of h?
2, 5
Let b(k) = 5*k**2 - 2*k + 4. List the prime factors of b(-3).
5, 11
Let j = -5 + 1. List the prime factors of j/(-22) + 540/55.
2, 5
Let f(q) = 4*q. List the prime factors of f(5).
2, 5
Suppose 0 = 2*p + 3*p - 10. Suppose 5*g - 6 = p*g. What are the prime factors of g?
2
Let u be 0/(3/((-6)/(-4))). Suppose u = -5*q - 0*q - h + 163, -2*q + 3*h + 72 = 0. List the prime factors of q.
3, 11
Suppose -b - 53 = -9*r + 4*r, 39 = 3*r - 3*b. What are the prime factors of r?
2, 5
Suppose 0 = -28*b + 25*b + 246. What are the prime factors of b?
2, 41
What are the prime factors of (-44)/(-1) + (4 - 6)?
2, 3, 7
Suppose 5*b = -3*p + 4 - 7, 0 = 2*b + 4*p + 4. Suppose b = -d + 6. What are the prime factors of d?
2, 3
Suppose -10*s = -2*s - 768. What are the prime factors of s?
2, 3
Let k = -13 + 13. Suppose t - 48 = 4*o, k*t - o + 131 = 3*t. What are the prime factors of t?
2, 11
Let f = -3 + 7. Let l = 4 - -1. Suppose -f = -l*j + 4*j. List the prime factors of j.
2
Let l(p) = -p - 1. Let r be l(-3). Suppose r = b, -b = -3*z + 21 + 34. List the prime factors of z.
19
Let w = 87 + -55. Let t = w - 23. List the prime factors of t.
3
Suppose 6*l - 9*l = -300. List the prime factors of l.
2, 5
Let l = 6 - 10. List the prime factors of l/8 + (-117)/(-6).
19
Let h(g) = 0 + 3 - 1 + 4*g. List the prime factors of h(3).
2, 7
Suppose -3*y = -2*y + 5. Let s = 0 - y. Suppose v - 4*k = k + 3, -v - s*k = -13. What are the prime factors of v?
2
Suppose 6*f + 16 = 4*f + 4*l, 0 = -f + 5*l - 8. Let k(p) = -p**2 - 8*p + 2. Let m be k(f). What are the prime factors of (m + -8*1)*-1?
2, 3
Suppose -3*p = -5*p + 4. List the prime factors of 7 + 16/4 + p.
13
Let j be (-2 - -9)*-3 + 2. Suppose 3*t + 17 = 119. Let y = j + t. List the prime factors of y.
3, 5
Let z(q) be the third derivative of q**6/120 - q**5/6 + q**4/2 + 13*q**3/6 + 3*q**2. What are the prime factors of z(9)?
2, 5
Let d(n) = 3*n - 5. Suppose -9 - 9 = -3*j. What are the prime factors of d(j